{"id":3193,"date":"2025-10-01T18:11:32","date_gmt":"2025-10-01T18:11:32","guid":{"rendered":"https:\/\/pruebas.munielmonte.cl\/?page_id=3193"},"modified":"2025-11-21T17:47:46","modified_gmt":"2025-11-21T17:47:46","slug":"cecosf","status":"publish","type":"page","link":"https:\/\/pruebas.munielmonte.cl\/?page_id=3193","title":{"rendered":"Cecosf"},"content":{"rendered":"\t\t<div data-elementor-type=\"wp-page\" data-elementor-id=\"3193\" class=\"elementor elementor-3193\" data-elementor-post-type=\"page\">\n\t\t\t\t<div class=\"elementor-element elementor-element-e8ddf36 e-flex e-con-boxed wpr-particle-no wpr-jarallax-no wpr-parallax-no wpr-sticky-section-no wpr-column-slider-no wpr-equal-height-no e-con e-parent\" data-id=\"e8ddf36\" data-element_type=\"container\" data-e-type=\"container\">\n\t\t\t\t\t<div class=\"e-con-inner\">\n\t\t\t\t<div class=\"elementor-element elementor-element-79c16f3 elementor-widget elementor-widget-heading\" data-id=\"79c16f3\" data-element_type=\"widget\" data-e-type=\"widget\" data-widget_type=\"heading.default\">\n\t\t\t\t<div class=\"elementor-widget-container\">\n\t\t\t\t\t<h2 class=\"elementor-heading-title elementor-size-default\">CECOSF<\/h2>\t\t\t\t<\/div>\n\t\t\t\t<\/div>\n\t\t\t\t<div class=\"elementor-element elementor-element-2a8a0e87 elementor-widget elementor-widget-text-editor\" data-id=\"2a8a0e87\" data-element_type=\"widget\" data-e-type=\"widget\" data-widget_type=\"text-editor.default\">\n\t\t\t\t<div class=\"elementor-widget-container\">\n\t\t\t\t\t\t\t\t\t\n<p><span style=\"font-family: gothambook; color: #000000;\">El Centro Comunitario de Salud Familiar de El Monte es un espacio que acerca la atenci\u00f3n primaria a los distintos sectores de nuestra comuna, entregando un servicio m\u00e1s cercano, humano y comprometido con las familias montinas.<\/span><\/p>\n<p><span style=\"font-family: gothambook; color: #000000;\">El CECOSF cumple un rol fundamental en la promoci\u00f3n de la salud y la prevenci\u00f3n de enfermedades, fortaleciendo el v\u00ednculo entre los equipos de salud y la comunidad. A trav\u00e9s de sus programas, talleres y atenci\u00f3n personalizada, contribuye d\u00eda a d\u00eda al bienestar integral de nuestros vecinos y vecinas, con \u00e9nfasis en la cercan\u00eda, la participaci\u00f3n y la calidad del servicio.<\/span><\/p>\n<p>\u00a0<\/p>\n<p><span style=\"font-family: gothambook; color: #000000;\">Este centro refleja el compromiso permanente de la Municipalidad por construir una comuna m\u00e1s saludable, solidaria y con igualdad de oportunidades en el acceso a la salud.<\/span><\/p>\n<p><span style=\"font-family: gothambook; color: #000000;\"><\/span><\/p>\n<p>\u00a0<\/p>\n\t\t\t\t\t\t\t\t<\/div>\n\t\t\t\t<\/div>\n\t\t\t\t\t<\/div>\n\t\t\t\t<\/div>\n\t\t<div class=\"elementor-element elementor-element-b742568 e-flex e-con-boxed wpr-particle-no wpr-jarallax-no wpr-parallax-no wpr-sticky-section-no wpr-column-slider-no wpr-equal-height-no e-con e-parent\" data-id=\"b742568\" data-element_type=\"container\" data-e-type=\"container\">\n\t\t\t\t\t<div class=\"e-con-inner\">\n\t\t\t\t<div class=\"elementor-element elementor-element-855a603 elementor-widget elementor-widget-image\" data-id=\"855a603\" data-element_type=\"widget\" data-e-type=\"widget\" data-widget_type=\"image.default\">\n\t\t\t\t<div class=\"elementor-widget-container\">\n\t\t\t\t\t\t\t\t\t\t\t\t\t\t\t<img fetchpriority=\"high\" decoding=\"async\" width=\"768\" height=\"1024\" src=\"https:\/\/pruebas.munielmonte.cl\/wp-content\/uploads\/2025\/11\/Imagen-de-WhatsApp-2025-11-19-a-las-17.36.21_5c2bfd14-768x1024.jpg\" class=\"attachment-medium_large size-medium_large wp-image-5303\" alt=\"\" srcset=\"https:\/\/pruebas.munielmonte.cl\/wp-content\/uploads\/2025\/11\/Imagen-de-WhatsApp-2025-11-19-a-las-17.36.21_5c2bfd14-768x1024.jpg 768w, https:\/\/pruebas.munielmonte.cl\/wp-content\/uploads\/2025\/11\/Imagen-de-WhatsApp-2025-11-19-a-las-17.36.21_5c2bfd14-225x300.jpg 225w, https:\/\/pruebas.munielmonte.cl\/wp-content\/uploads\/2025\/11\/Imagen-de-WhatsApp-2025-11-19-a-las-17.36.21_5c2bfd14-1152x1536.jpg 1152w, https:\/\/pruebas.munielmonte.cl\/wp-content\/uploads\/2025\/11\/Imagen-de-WhatsApp-2025-11-19-a-las-17.36.21_5c2bfd14-1536x2048.jpg 1536w, https:\/\/pruebas.munielmonte.cl\/wp-content\/uploads\/2025\/11\/Imagen-de-WhatsApp-2025-11-19-a-las-17.36.21_5c2bfd14-scaled.jpg 1920w\" sizes=\"(max-width: 768px) 100vw, 768px\" \/>\t\t\t\t\t\t\t\t\t\t\t\t\t\t\t<\/div>\n\t\t\t\t<\/div>\n\t\t\t\t\t<\/div>\n\t\t\t\t<\/div>\n\t\t\t\t<\/div>\n\t\t","protected":false},"excerpt":{"rendered":"<p>CECOSF El Centro Comunitario de Salud Familiar de El Monte es un espacio que acerca la atenci\u00f3n primaria a los distintos sectores de nuestra comuna, entregando un servicio m\u00e1s cercano, humano y comprometido con las familias montinas. El CECOSF cumple un rol fundamental en la promoci\u00f3n de la salud y la prevenci\u00f3n de enfermedades, fortaleciendo el v\u00ednculo entre los equipos de salud y la comunidad. A trav\u00e9s de sus programas, talleres y atenci\u00f3n personalizada, contribuye d\u00eda a d\u00eda al bienestar integral de nuestros vecinos y vecinas, con \u00e9nfasis en la cercan\u00eda, la participaci\u00f3n y la calidad del servicio. \u00a0 Este centro refleja el compromiso permanente de la Municipalidad por construir una comuna m\u00e1s saludable, solidaria y con igualdad de oportunidades en el acceso a la salud. \u00a0<\/p>\n","protected":false},"author":5,"featured_media":0,"parent":0,"menu_order":0,"comment_status":"closed","ping_status":"closed","template":"elementor_canvas","meta":{"footnotes":""},"class_list":["post-3193","page","type-page","status-publish","hentry"],"_links":{"self":[{"href":"https:\/\/pruebas.munielmonte.cl\/index.php?rest_route=\/wp\/v2\/pages\/3193","targetHints":{"allow":["GET"]}}],"collection":[{"href":"https:\/\/pruebas.munielmonte.cl\/index.php?rest_route=\/wp\/v2\/pages"}],"about":[{"href":"https:\/\/pruebas.munielmonte.cl\/index.php?rest_route=\/wp\/v2\/types\/page"}],"author":[{"embeddable":true,"href":"https:\/\/pruebas.munielmonte.cl\/index.php?rest_route=\/wp\/v2\/users\/5"}],"replies":[{"embeddable":true,"href":"https:\/\/pruebas.munielmonte.cl\/index.php?rest_route=%2Fwp%2Fv2%2Fcomments&post=3193"}],"version-history":[{"count":9,"href":"https:\/\/pruebas.munielmonte.cl\/index.php?rest_route=\/wp\/v2\/pages\/3193\/revisions"}],"predecessor-version":[{"id":5306,"href":"https:\/\/pruebas.munielmonte.cl\/index.php?rest_route=\/wp\/v2\/pages\/3193\/revisions\/5306"}],"wp:attachment":[{"href":"https:\/\/pruebas.munielmonte.cl\/index.php?rest_route=%2Fwp%2Fv2%2Fmedia&parent=3193"}],"curies":[{"name":"wp","href":"https:\/\/api.w.org\/{rel}","templated":true}]}}