{"id":2522,"date":"2025-09-24T18:19:16","date_gmt":"2025-09-24T18:19:16","guid":{"rendered":"https:\/\/pruebas.munielmonte.cl\/?page_id=2522"},"modified":"2025-11-06T14:06:14","modified_gmt":"2025-11-06T14:06:14","slug":"cesfam","status":"publish","type":"page","link":"https:\/\/pruebas.munielmonte.cl\/?page_id=2522","title":{"rendered":"CESFAM"},"content":{"rendered":"\t\t<div data-elementor-type=\"wp-page\" data-elementor-id=\"2522\" class=\"elementor elementor-2522\" data-elementor-post-type=\"page\">\n\t\t\t\t<div class=\"elementor-element elementor-element-70887a0 animated-slow e-flex e-con-boxed wpr-particle-no wpr-jarallax-no wpr-parallax-no wpr-sticky-section-no wpr-column-slider-no wpr-equal-height-no elementor-invisible e-con e-parent\" data-id=\"70887a0\" data-element_type=\"container\" data-e-type=\"container\" data-settings=\"{&quot;animation&quot;:&quot;fadeIn&quot;,&quot;background_background&quot;:&quot;classic&quot;}\">\n\t\t\t\t\t<div class=\"e-con-inner\">\n\t\t\t\t<div class=\"elementor-element elementor-element-df6d5a0 elementor-widget elementor-widget-heading\" data-id=\"df6d5a0\" data-element_type=\"widget\" data-e-type=\"widget\" data-widget_type=\"heading.default\">\n\t\t\t\t<div class=\"elementor-widget-container\">\n\t\t\t\t\t<h2 class=\"elementor-heading-title elementor-size-default\">CENTROS DE SALUD FAMILIAR (CESFAM)<\/h2>\t\t\t\t<\/div>\n\t\t\t\t<\/div>\n\t\t\t\t\t<\/div>\n\t\t\t\t<\/div>\n\t\t<div class=\"elementor-element elementor-element-c1abeff e-flex e-con-boxed wpr-particle-no wpr-jarallax-no wpr-parallax-no wpr-sticky-section-no wpr-column-slider-no wpr-equal-height-no e-con e-parent\" data-id=\"c1abeff\" data-element_type=\"container\" data-e-type=\"container\">\n\t\t\t\t\t<div class=\"e-con-inner\">\n\t\t\t\t<div class=\"elementor-element elementor-element-1773bbc elementor-widget elementor-widget-text-editor\" data-id=\"1773bbc\" data-element_type=\"widget\" data-e-type=\"widget\" data-widget_type=\"text-editor.default\">\n\t\t\t\t<div class=\"elementor-widget-container\">\n\t\t\t\t\t\t\t\t\t<p><span style=\"font-family: gothambook; color: #000000;\">La Municipalidad de El Monte, junto a la alcaldesa Zandra Maul\u00e9n, celebra con orgullo la puesta en marcha del nuevo Centro de Salud Familiar de El Monte, un anhelado proyecto que fortalecer\u00e1 la atenci\u00f3n primaria y mejorar\u00e1 la calidad de vida de miles de vecinas y vecinos.<\/span><\/p><p><span style=\"font-family: gothambook; color: #000000;\">Este moderno CESFAM contar\u00e1 con infraestructura de primer nivel, equipamiento cl\u00ednico avanzado y espacios pensados para brindar una atenci\u00f3n digna, cercana y oportuna. Su objetivo es entregar servicios de salud m\u00e1s accesibles, integrales y humanos, reafirmando el compromiso de nuestra comuna con el bienestar de todas las familias montinas.<\/span><\/p><p><span style=\"font-family: gothambook; color: #000000;\">El nuevo CESFAM es un paso fundamental hacia una salud p\u00fablica m\u00e1s moderna y equitativa, donde cada persona pueda sentirse acogida\u00a0y\u00a0protegida.<\/span><\/p>\t\t\t\t\t\t\t\t<\/div>\n\t\t\t\t<\/div>\n\t\t<div class=\"elementor-element elementor-element-16e3987 e-con-full e-flex wpr-particle-no wpr-jarallax-no wpr-parallax-no wpr-sticky-section-no wpr-column-slider-no wpr-equal-height-no e-con e-child\" data-id=\"16e3987\" data-element_type=\"container\" data-e-type=\"container\">\n\t\t\t\t<div class=\"elementor-element elementor-element-fa18f76 elementor-widget elementor-widget-gallery\" data-id=\"fa18f76\" data-element_type=\"widget\" data-e-type=\"widget\" data-settings=\"{&quot;columns&quot;:2,&quot;lazyload&quot;:&quot;yes&quot;,&quot;gallery_layout&quot;:&quot;grid&quot;,&quot;columns_tablet&quot;:2,&quot;columns_mobile&quot;:1,&quot;gap&quot;:{&quot;unit&quot;:&quot;px&quot;,&quot;size&quot;:10,&quot;sizes&quot;:[]},&quot;gap_tablet&quot;:{&quot;unit&quot;:&quot;px&quot;,&quot;size&quot;:10,&quot;sizes&quot;:[]},&quot;gap_mobile&quot;:{&quot;unit&quot;:&quot;px&quot;,&quot;size&quot;:10,&quot;sizes&quot;:[]},&quot;link_to&quot;:&quot;file&quot;,&quot;aspect_ratio&quot;:&quot;3:2&quot;,&quot;overlay_background&quot;:&quot;yes&quot;,&quot;content_hover_animation&quot;:&quot;fade-in&quot;}\" data-widget_type=\"gallery.default\">\n\t\t\t\t<div class=\"elementor-widget-container\">\n\t\t\t\t\t\t\t<div class=\"elementor-gallery__container\">\n\t\t\t\t\t\t\t<a class=\"e-gallery-item elementor-gallery-item elementor-animated-content\" href=\"https:\/\/pruebas.munielmonte.cl\/wp-content\/uploads\/2025\/11\/Imagen-de-WhatsApp-2025-11-05-a-las-14.25.40_8cf5f0c1-1.jpg\" data-elementor-open-lightbox=\"yes\" data-elementor-lightbox-slideshow=\"fa18f76\" data-elementor-lightbox-title=\"Imagen de WhatsApp 2025-11-05 a las 14.25.40_8cf5f0c1\" data-e-action-hash=\"#elementor-action%3Aaction%3Dlightbox%26settings%3DeyJpZCI6NTEyMiwidXJsIjoiaHR0cHM6XC9cL3BydWViYXMubXVuaWVsbW9udGUuY2xcL3dwLWNvbnRlbnRcL3VwbG9hZHNcLzIwMjVcLzExXC9JbWFnZW4tZGUtV2hhdHNBcHAtMjAyNS0xMS0wNS1hLWxhcy0xNC4yNS40MF84Y2Y1ZjBjMS0xLmpwZyIsInNsaWRlc2hvdyI6ImZhMThmNzYifQ%3D%3D\">\n\t\t\t\t\t<div class=\"e-gallery-image elementor-gallery-item__image\" data-thumbnail=\"https:\/\/pruebas.munielmonte.cl\/wp-content\/uploads\/2025\/11\/Imagen-de-WhatsApp-2025-11-05-a-las-14.25.40_8cf5f0c1-1.jpg\" data-width=\"1280\" data-height=\"591\" aria-label=\"\" role=\"img\" ><\/div>\n\t\t\t\t\t\t\t\t\t\t\t<div class=\"elementor-gallery-item__overlay\"><\/div>\n\t\t\t\t\t\t\t\t\t\t\t\t\t\t<\/a>\n\t\t\t\t\t\t\t<a class=\"e-gallery-item elementor-gallery-item elementor-animated-content\" href=\"https:\/\/pruebas.munielmonte.cl\/wp-content\/uploads\/2025\/11\/Imagen-de-WhatsApp-2025-11-05-a-las-14.25.41_26faf35e-1.jpg\" data-elementor-open-lightbox=\"yes\" data-elementor-lightbox-slideshow=\"fa18f76\" data-elementor-lightbox-title=\"Imagen de WhatsApp 2025-11-05 a las 14.25.41_26faf35e\" data-e-action-hash=\"#elementor-action%3Aaction%3Dlightbox%26settings%3DeyJpZCI6NTEyMywidXJsIjoiaHR0cHM6XC9cL3BydWViYXMubXVuaWVsbW9udGUuY2xcL3dwLWNvbnRlbnRcL3VwbG9hZHNcLzIwMjVcLzExXC9JbWFnZW4tZGUtV2hhdHNBcHAtMjAyNS0xMS0wNS1hLWxhcy0xNC4yNS40MV8yNmZhZjM1ZS0xLmpwZyIsInNsaWRlc2hvdyI6ImZhMThmNzYifQ%3D%3D\">\n\t\t\t\t\t<div class=\"e-gallery-image elementor-gallery-item__image\" data-thumbnail=\"https:\/\/pruebas.munielmonte.cl\/wp-content\/uploads\/2025\/11\/Imagen-de-WhatsApp-2025-11-05-a-las-14.25.41_26faf35e-1.jpg\" data-width=\"1280\" data-height=\"591\" aria-label=\"\" role=\"img\" ><\/div>\n\t\t\t\t\t\t\t\t\t\t\t<div class=\"elementor-gallery-item__overlay\"><\/div>\n\t\t\t\t\t\t\t\t\t\t\t\t\t\t<\/a>\n\t\t\t\t\t\t\t<a class=\"e-gallery-item elementor-gallery-item elementor-animated-content\" href=\"https:\/\/pruebas.munielmonte.cl\/wp-content\/uploads\/2025\/11\/Imagen-de-WhatsApp-2025-11-05-a-las-14.25.41_cba38faf-1.jpg\" data-elementor-open-lightbox=\"yes\" data-elementor-lightbox-slideshow=\"fa18f76\" data-elementor-lightbox-title=\"Imagen de WhatsApp 2025-11-05 a las 14.25.41_cba38faf\" data-e-action-hash=\"#elementor-action%3Aaction%3Dlightbox%26settings%3DeyJpZCI6NTEyNCwidXJsIjoiaHR0cHM6XC9cL3BydWViYXMubXVuaWVsbW9udGUuY2xcL3dwLWNvbnRlbnRcL3VwbG9hZHNcLzIwMjVcLzExXC9JbWFnZW4tZGUtV2hhdHNBcHAtMjAyNS0xMS0wNS1hLWxhcy0xNC4yNS40MV9jYmEzOGZhZi0xLmpwZyIsInNsaWRlc2hvdyI6ImZhMThmNzYifQ%3D%3D\">\n\t\t\t\t\t<div class=\"e-gallery-image elementor-gallery-item__image\" data-thumbnail=\"https:\/\/pruebas.munielmonte.cl\/wp-content\/uploads\/2025\/11\/Imagen-de-WhatsApp-2025-11-05-a-las-14.25.41_cba38faf-1.jpg\" data-width=\"591\" data-height=\"1280\" aria-label=\"\" role=\"img\" ><\/div>\n\t\t\t\t\t\t\t\t\t\t\t<div class=\"elementor-gallery-item__overlay\"><\/div>\n\t\t\t\t\t\t\t\t\t\t\t\t\t\t<\/a>\n\t\t\t\t\t\t\t<a class=\"e-gallery-item elementor-gallery-item elementor-animated-content\" href=\"https:\/\/pruebas.munielmonte.cl\/wp-content\/uploads\/2025\/11\/Imagen-de-WhatsApp-2025-11-05-a-las-14.26.15_0f9e08fd-1.jpg\" data-elementor-open-lightbox=\"yes\" data-elementor-lightbox-slideshow=\"fa18f76\" data-elementor-lightbox-title=\"Imagen de WhatsApp 2025-11-05 a las 14.26.15_0f9e08fd\" data-e-action-hash=\"#elementor-action%3Aaction%3Dlightbox%26settings%3DeyJpZCI6NTEyNSwidXJsIjoiaHR0cHM6XC9cL3BydWViYXMubXVuaWVsbW9udGUuY2xcL3dwLWNvbnRlbnRcL3VwbG9hZHNcLzIwMjVcLzExXC9JbWFnZW4tZGUtV2hhdHNBcHAtMjAyNS0xMS0wNS1hLWxhcy0xNC4yNi4xNV8wZjllMDhmZC0xLmpwZyIsInNsaWRlc2hvdyI6ImZhMThmNzYifQ%3D%3D\">\n\t\t\t\t\t<div class=\"e-gallery-image elementor-gallery-item__image\" data-thumbnail=\"https:\/\/pruebas.munielmonte.cl\/wp-content\/uploads\/2025\/11\/Imagen-de-WhatsApp-2025-11-05-a-las-14.26.15_0f9e08fd-1.jpg\" data-width=\"591\" data-height=\"1280\" aria-label=\"\" role=\"img\" ><\/div>\n\t\t\t\t\t\t\t\t\t\t\t<div class=\"elementor-gallery-item__overlay\"><\/div>\n\t\t\t\t\t\t\t\t\t\t\t\t\t\t<\/a>\n\t\t\t\t\t\t\t<a class=\"e-gallery-item elementor-gallery-item elementor-animated-content\" href=\"https:\/\/pruebas.munielmonte.cl\/wp-content\/uploads\/2025\/11\/Imagen-de-WhatsApp-2025-11-05-a-las-14.26.42_9a20179f-1.jpg\" data-elementor-open-lightbox=\"yes\" data-elementor-lightbox-slideshow=\"fa18f76\" data-elementor-lightbox-title=\"Imagen de WhatsApp 2025-11-05 a las 14.26.42_9a20179f\" data-e-action-hash=\"#elementor-action%3Aaction%3Dlightbox%26settings%3DeyJpZCI6NTEyNiwidXJsIjoiaHR0cHM6XC9cL3BydWViYXMubXVuaWVsbW9udGUuY2xcL3dwLWNvbnRlbnRcL3VwbG9hZHNcLzIwMjVcLzExXC9JbWFnZW4tZGUtV2hhdHNBcHAtMjAyNS0xMS0wNS1hLWxhcy0xNC4yNi40Ml85YTIwMTc5Zi0xLmpwZyIsInNsaWRlc2hvdyI6ImZhMThmNzYifQ%3D%3D\">\n\t\t\t\t\t<div class=\"e-gallery-image elementor-gallery-item__image\" data-thumbnail=\"https:\/\/pruebas.munielmonte.cl\/wp-content\/uploads\/2025\/11\/Imagen-de-WhatsApp-2025-11-05-a-las-14.26.42_9a20179f-1.jpg\" data-width=\"1280\" data-height=\"591\" aria-label=\"\" role=\"img\" ><\/div>\n\t\t\t\t\t\t\t\t\t\t\t<div class=\"elementor-gallery-item__overlay\"><\/div>\n\t\t\t\t\t\t\t\t\t\t\t\t\t\t<\/a>\n\t\t\t\t\t<\/div>\n\t\t\t\t\t<\/div>\n\t\t\t\t<\/div>\n\t\t\t\t<\/div>\n\t\t<div class=\"elementor-element elementor-element-18a8b1fb animated-slow e-con-full e-flex wpr-particle-no wpr-jarallax-no wpr-parallax-no wpr-sticky-section-no wpr-column-slider-no wpr-equal-height-no elementor-invisible e-con e-child\" data-id=\"18a8b1fb\" data-element_type=\"container\" data-e-type=\"container\" data-settings=\"{&quot;animation&quot;:&quot;fadeIn&quot;}\">\n\t\t\t\t<div class=\"elementor-element elementor-element-cadd661 elementor-widget elementor-widget-google_maps\" data-id=\"cadd661\" data-element_type=\"widget\" data-e-type=\"widget\" data-widget_type=\"google_maps.default\">\n\t\t\t\t<div class=\"elementor-widget-container\">\n\t\t\t\t\t\t\t<div class=\"elementor-custom-embed\">\n\t\t\t<iframe loading=\"lazy\"\n\t\t\t\t\tsrc=\"https:\/\/maps.google.com\/maps?q=Av.%20Los%20Libertadores%20531%2C%209810004%20El%20Monte%2C%20Regi%C3%B3n%20Metropolitana%20981%20El%20Monte%20Talagante&#038;t=m&#038;z=14&#038;output=embed&#038;iwloc=near\"\n\t\t\t\t\ttitle=\"Av. Los Libertadores 531, 9810004 El Monte, Regi\u00f3n Metropolitana 981 El Monte Talagante\"\n\t\t\t\t\taria-label=\"Av. Los Libertadores 531, 9810004 El Monte, Regi\u00f3n Metropolitana 981 El Monte Talagante\"\n\t\t\t><\/iframe>\n\t\t<\/div>\n\t\t\t\t\t\t<\/div>\n\t\t\t\t<\/div>\n\t\t\t\t<div class=\"elementor-element elementor-element-b8fe6f9 elementor-shape-rounded elementor-grid-0 e-grid-align-center elementor-widget elementor-widget-social-icons\" data-id=\"b8fe6f9\" data-element_type=\"widget\" data-e-type=\"widget\" data-widget_type=\"social-icons.default\">\n\t\t\t\t<div class=\"elementor-widget-container\">\n\t\t\t\t\t\t\t<div class=\"elementor-social-icons-wrapper elementor-grid\" role=\"list\">\n\t\t\t\t\t\t\t<span class=\"elementor-grid-item\" role=\"listitem\">\n\t\t\t\t\t<a class=\"elementor-icon elementor-social-icon elementor-social-icon-facebook elementor-repeater-item-e4c0bd7\" href=\"https:\/\/www.facebook.com\/consultorioelmonteoficial\" target=\"_blank\">\n\t\t\t\t\t\t<span class=\"elementor-screen-only\">Facebook<\/span>\n\t\t\t\t\t\t<svg aria-hidden=\"true\" class=\"e-font-icon-svg e-fab-facebook\" viewBox=\"0 0 512 512\" xmlns=\"http:\/\/www.w3.org\/2000\/svg\"><path d=\"M504 256C504 119 393 8 256 8S8 119 8 256c0 123.78 90.69 226.38 209.25 245V327.69h-63V256h63v-54.64c0-62.15 37-96.48 93.67-96.48 27.14 0 55.52 4.84 55.52 4.84v61h-31.28c-30.8 0-40.41 19.12-40.41 38.73V256h68.78l-11 71.69h-57.78V501C413.31 482.38 504 379.78 504 256z\"><\/path><\/svg>\t\t\t\t\t<\/a>\n\t\t\t\t<\/span>\n\t\t\t\t\t\t\t<span class=\"elementor-grid-item\" role=\"listitem\">\n\t\t\t\t\t<a class=\"elementor-icon elementor-social-icon elementor-social-icon-instagram elementor-repeater-item-18e7be8\" href=\"https:\/\/www.instagram.com\/cesfamelmonte\/\" target=\"_blank\">\n\t\t\t\t\t\t<span class=\"elementor-screen-only\">Instagram<\/span>\n\t\t\t\t\t\t<svg aria-hidden=\"true\" class=\"e-font-icon-svg e-fab-instagram\" viewBox=\"0 0 448 512\" xmlns=\"http:\/\/www.w3.org\/2000\/svg\"><path d=\"M224.1 141c-63.6 0-114.9 51.3-114.9 114.9s51.3 114.9 114.9 114.9S339 319.5 339 255.9 287.7 141 224.1 141zm0 189.6c-41.1 0-74.7-33.5-74.7-74.7s33.5-74.7 74.7-74.7 74.7 33.5 74.7 74.7-33.6 74.7-74.7 74.7zm146.4-194.3c0 14.9-12 26.8-26.8 26.8-14.9 0-26.8-12-26.8-26.8s12-26.8 26.8-26.8 26.8 12 26.8 26.8zm76.1 27.2c-1.7-35.9-9.9-67.7-36.2-93.9-26.2-26.2-58-34.4-93.9-36.2-37-2.1-147.9-2.1-184.9 0-35.8 1.7-67.6 9.9-93.9 36.1s-34.4 58-36.2 93.9c-2.1 37-2.1 147.9 0 184.9 1.7 35.9 9.9 67.7 36.2 93.9s58 34.4 93.9 36.2c37 2.1 147.9 2.1 184.9 0 35.9-1.7 67.7-9.9 93.9-36.2 26.2-26.2 34.4-58 36.2-93.9 2.1-37 2.1-147.8 0-184.8zM398.8 388c-7.8 19.6-22.9 34.7-42.6 42.6-29.5 11.7-99.5 9-132.1 9s-102.7 2.6-132.1-9c-19.6-7.8-34.7-22.9-42.6-42.6-11.7-29.5-9-99.5-9-132.1s-2.6-102.7 9-132.1c7.8-19.6 22.9-34.7 42.6-42.6 29.5-11.7 99.5-9 132.1-9s102.7-2.6 132.1 9c19.6 7.8 34.7 22.9 42.6 42.6 11.7 29.5 9 99.5 9 132.1s2.7 102.7-9 132.1z\"><\/path><\/svg>\t\t\t\t\t<\/a>\n\t\t\t\t<\/span>\n\t\t\t\t\t<\/div>\n\t\t\t\t\t\t<\/div>\n\t\t\t\t<\/div>\n\t\t\t\t<div class=\"elementor-element elementor-element-85aca5e elementor-widget elementor-widget-image\" data-id=\"85aca5e\" data-element_type=\"widget\" data-e-type=\"widget\" data-widget_type=\"image.default\">\n\t\t\t\t<div class=\"elementor-widget-container\">\n\t\t\t\t\t\t\t\t\t\t\t\t\t\t\t<img fetchpriority=\"high\" decoding=\"async\" width=\"463\" height=\"231\" src=\"https:\/\/pruebas.munielmonte.cl\/wp-content\/uploads\/2025\/09\/logo-cesfam-copiar_4puhcei5.png\" class=\"attachment-large size-large wp-image-2853\" alt=\"\" srcset=\"https:\/\/pruebas.munielmonte.cl\/wp-content\/uploads\/2025\/09\/logo-cesfam-copiar_4puhcei5.png 463w, https:\/\/pruebas.munielmonte.cl\/wp-content\/uploads\/2025\/09\/logo-cesfam-copiar_4puhcei5-300x150.png 300w\" sizes=\"(max-width: 463px) 100vw, 463px\" \/>\t\t\t\t\t\t\t\t\t\t\t\t\t\t\t<\/div>\n\t\t\t\t<\/div>\n\t\t\t\t<\/div>\n\t\t\t\t\t<\/div>\n\t\t\t\t<\/div>\n\t\t\t\t<\/div>\n\t\t","protected":false},"excerpt":{"rendered":"<p>CENTROS DE SALUD FAMILIAR (CESFAM) La Municipalidad de El Monte, junto a la alcaldesa Zandra Maul\u00e9n, celebra con orgullo la puesta en marcha del nuevo Centro de Salud Familiar de El Monte, un anhelado proyecto que fortalecer\u00e1 la atenci\u00f3n primaria y mejorar\u00e1 la calidad de vida de miles de vecinas y vecinos. Este moderno CESFAM contar\u00e1 con infraestructura de primer nivel, equipamiento cl\u00ednico avanzado y espacios pensados para brindar una atenci\u00f3n digna, cercana y oportuna. Su objetivo es entregar servicios de salud m\u00e1s accesibles, integrales y humanos, reafirmando el compromiso de nuestra comuna con el bienestar de todas las familias montinas. El nuevo CESFAM es un paso fundamental hacia una salud p\u00fablica m\u00e1s moderna y equitativa, donde cada persona pueda sentirse acogida\u00a0y\u00a0protegida. Facebook Instagram<\/p>\n","protected":false},"author":5,"featured_media":0,"parent":0,"menu_order":0,"comment_status":"closed","ping_status":"closed","template":"elementor_canvas","meta":{"footnotes":""},"class_list":["post-2522","page","type-page","status-publish","hentry"],"_links":{"self":[{"href":"https:\/\/pruebas.munielmonte.cl\/index.php?rest_route=\/wp\/v2\/pages\/2522","targetHints":{"allow":["GET"]}}],"collection":[{"href":"https:\/\/pruebas.munielmonte.cl\/index.php?rest_route=\/wp\/v2\/pages"}],"about":[{"href":"https:\/\/pruebas.munielmonte.cl\/index.php?rest_route=\/wp\/v2\/types\/page"}],"author":[{"embeddable":true,"href":"https:\/\/pruebas.munielmonte.cl\/index.php?rest_route=\/wp\/v2\/users\/5"}],"replies":[{"embeddable":true,"href":"https:\/\/pruebas.munielmonte.cl\/index.php?rest_route=%2Fwp%2Fv2%2Fcomments&post=2522"}],"version-history":[{"count":15,"href":"https:\/\/pruebas.munielmonte.cl\/index.php?rest_route=\/wp\/v2\/pages\/2522\/revisions"}],"predecessor-version":[{"id":5135,"href":"https:\/\/pruebas.munielmonte.cl\/index.php?rest_route=\/wp\/v2\/pages\/2522\/revisions\/5135"}],"wp:attachment":[{"href":"https:\/\/pruebas.munielmonte.cl\/index.php?rest_route=%2Fwp%2Fv2%2Fmedia&parent=2522"}],"curies":[{"name":"wp","href":"https:\/\/api.w.org\/{rel}","templated":true}]}}