{"id":2507,"date":"2025-09-24T18:00:40","date_gmt":"2025-09-24T18:00:40","guid":{"rendered":"https:\/\/pruebas.munielmonte.cl\/?page_id=2507"},"modified":"2025-11-06T19:07:15","modified_gmt":"2025-11-06T19:07:15","slug":"pladeco","status":"publish","type":"page","link":"https:\/\/pruebas.munielmonte.cl\/?page_id=2507","title":{"rendered":"PLADECO"},"content":{"rendered":"\t\t<div data-elementor-type=\"wp-page\" data-elementor-id=\"2507\" class=\"elementor elementor-2507\" data-elementor-post-type=\"page\">\n\t\t\t\t<div class=\"elementor-element elementor-element-5aa3d5c4 e-flex e-con-boxed wpr-particle-no wpr-jarallax-no wpr-parallax-no wpr-sticky-section-no wpr-column-slider-no wpr-equal-height-no e-con e-parent\" data-id=\"5aa3d5c4\" data-element_type=\"container\" data-e-type=\"container\" data-settings=\"{&quot;background_background&quot;:&quot;classic&quot;}\">\n\t\t\t\t\t<div class=\"e-con-inner\">\n\t\t\t\t<div class=\"elementor-element elementor-element-3ed0c66 elementor-widget elementor-widget-heading\" data-id=\"3ed0c66\" data-element_type=\"widget\" data-e-type=\"widget\" data-widget_type=\"heading.default\">\n\t\t\t\t<div class=\"elementor-widget-container\">\n\t\t\t\t\t<h2 class=\"elementor-heading-title elementor-size-default\">PLADECO<\/h2>\t\t\t\t<\/div>\n\t\t\t\t<\/div>\n\t\t\t\t\t<\/div>\n\t\t\t\t<\/div>\n\t\t<div class=\"elementor-element elementor-element-0ae3ef9 animated-slow e-flex e-con-boxed wpr-particle-no wpr-jarallax-no wpr-parallax-no wpr-sticky-section-no wpr-column-slider-no wpr-equal-height-no elementor-invisible e-con e-parent\" data-id=\"0ae3ef9\" data-element_type=\"container\" data-e-type=\"container\" data-settings=\"{&quot;animation&quot;:&quot;fadeIn&quot;}\">\n\t\t\t\t\t<div class=\"e-con-inner\">\n\t\t\t\t<div class=\"elementor-element elementor-element-86da325 elementor-widget elementor-widget-text-editor\" data-id=\"86da325\" data-element_type=\"widget\" data-e-type=\"widget\" data-widget_type=\"text-editor.default\">\n\t\t\t\t<div class=\"elementor-widget-container\">\n\t\t\t\t\t\t\t\t\t<div><h5 id=\"imPgTitle\"><span style=\"color: #0e7f7b; font-family: gothambold;\"><strong>\u00bfQue es el PLADECO?<\/strong><\/span><\/h5><h5><span style=\"font-family: gothambook; color: #000000;\">El Plan de Desarrollo Comunal (PLADECO)<span style=\"font-size: 16px;\">, es un ejercicio de planificaci\u00f3n donde participan, en conjunto, autoridades y la ciudadan\u00eda, proponiendo ideas para el desarrollo de la comuna en el periodo a\u00f1os entre el 2019 &#8211; 2025.<\/span><\/span><\/h5><\/div><div><div>\u00a0<\/div><div><span class=\"ff1\" style=\"font-family: gothambook; color: #000000;\"><span class=\"fs19\"><b>El PLADECO<\/b>\u00a0consta de tres etapas: Diagn\u00f3stico; Definici\u00f3n de Estrategias y Cartera de Programas, Proyectos y Acciones.<\/span><\/span><\/div><div>\u00a0<\/div><div><span class=\"ff1\" style=\"font-family: gothambook; color: #000000;\"><span class=\"fs19\">Las \u00e1reas consideradas en la planificaci\u00f3n corresponden a: Desarrollo Econ\u00f3mico; Desarrollo Territorial; Medio Ambiente; Desarrollo Social; Salud; Educaci\u00f3n y Gesti\u00f3n Municipal.<\/span><\/span><\/div><div>\u00a0<\/div><div><span class=\"ff1\" style=\"font-family: gothambook; color: #000000;\"><span class=\"fs19\">El proceso de elaboraci\u00f3n del PLADECO, adquiere sentido si se genera una amplia reflexi\u00f3n en torno a la comuna, sus barrios y sus habitantes, logrando la participaci\u00f3n comprometida de la comunidad. Para ello, nos reuniremos en talleres y conversatorios para opinar abiertamente respecto al desarrollo y aportar nuevas ideas para un crecimiento sustentable de la comuna.<\/span><\/span><\/div><div>\u00a0<\/div><div><span class=\"ff1\" style=\"font-family: gothambook; color: #000000;\"><span class=\"fs19\">Te invitamos a participar, porque el\u00a0<b>PLADECO LO CONSTRUIMOS TODOS, TODAS Y ENTRE TODOS LO HACEMOS\u201d<\/b><\/span><\/span><\/div><div>\u00a0<\/div><div><span class=\"ff1\" style=\"font-family: gothambook; color: #000000;\"><span class=\"fs19\">Porque su participaci\u00f3n es muy importante, si tiene alguna duda o u sugerencia se puede contactar con: Mariano Inostroza Navarro al tel\u00e9fono:<b>\u00a02256097 \u00a0\u00a0\u00a0\u00a0<\/b><\/span><\/span><\/div><\/div>\t\t\t\t\t\t\t\t<\/div>\n\t\t\t\t<\/div>\n\t\t\t\t\t<\/div>\n\t\t\t\t<\/div>\n\t\t<div class=\"elementor-element elementor-element-242d1cb animated-slow e-flex e-con-boxed wpr-particle-no wpr-jarallax-no wpr-parallax-no wpr-sticky-section-no wpr-column-slider-no wpr-equal-height-no elementor-invisible e-con e-parent\" data-id=\"242d1cb\" data-element_type=\"container\" data-e-type=\"container\" data-settings=\"{&quot;animation&quot;:&quot;fadeIn&quot;}\">\n\t\t\t\t\t<div class=\"e-con-inner\">\n\t\t\t\t\t<\/div>\n\t\t\t\t<\/div>\n\t\t<div class=\"elementor-element elementor-element-c3887ff animated-slow e-flex e-con-boxed wpr-particle-no wpr-jarallax-no wpr-parallax-no wpr-sticky-section-no wpr-column-slider-no wpr-equal-height-no elementor-invisible e-con e-parent\" data-id=\"c3887ff\" data-element_type=\"container\" data-e-type=\"container\" data-settings=\"{&quot;animation&quot;:&quot;fadeIn&quot;}\">\n\t\t\t\t\t<div class=\"e-con-inner\">\n\t\t\t\t<div class=\"elementor-element elementor-element-1b232d1 elementor-position-top elementor-widget elementor-widget-image-box\" data-id=\"1b232d1\" data-element_type=\"widget\" data-e-type=\"widget\" data-widget_type=\"image-box.default\">\n\t\t\t\t<div class=\"elementor-widget-container\">\n\t\t\t\t\t<div class=\"elementor-image-box-wrapper\"><figure class=\"elementor-image-box-img\"><img fetchpriority=\"high\" decoding=\"async\" width=\"463\" height=\"212\" src=\"https:\/\/pruebas.munielmonte.cl\/wp-content\/uploads\/2025\/09\/PLADECO-1.jpg\" class=\"attachment-full size-full wp-image-2763\" alt=\"\" srcset=\"https:\/\/pruebas.munielmonte.cl\/wp-content\/uploads\/2025\/09\/PLADECO-1.jpg 463w, https:\/\/pruebas.munielmonte.cl\/wp-content\/uploads\/2025\/09\/PLADECO-1-300x137.jpg 300w\" sizes=\"(max-width: 463px) 100vw, 463px\" \/><\/figure><div class=\"elementor-image-box-content\"><h3 class=\"elementor-image-box-title\">Taller participativo sector Chi\u00f1ihue y El Paico<\/h3><p class=\"elementor-image-box-description\">Fecha: 14-01-2020 <br>\nEn este taller, realizado en el Liceo Javiera Carrera se trataron diversos temas centrados a las virtudes y necesidades del sector. Entre los aspectos positivos presentados se destacan la tranquilidad, el acceso al agua en la mayor\u00eda de los sectores rurales, y la permanencia de actividades tradicionales. Por otra parte, las necesidades detectadas incluyen la falta de actividades recreativas y culturales, dificultades para la atenci\u00f3n m\u00e9dica de los vecinos y temas de seguridad domiciliaria. Finalmente, la visi\u00f3n a largo plazo de los vecinos para el sector es que exista una mejor educaci\u00f3n y servicios de salud as\u00ed como posibilidades de movilizaci\u00f3n y transporte.\n<\/p><\/div><\/div>\t\t\t\t<\/div>\n\t\t\t\t<\/div>\n\t\t\t\t\t<\/div>\n\t\t\t\t<\/div>\n\t\t<div class=\"elementor-element elementor-element-bed6484 animated-slow e-flex e-con-boxed wpr-particle-no wpr-jarallax-no wpr-parallax-no wpr-sticky-section-no wpr-column-slider-no wpr-equal-height-no elementor-invisible e-con e-parent\" data-id=\"bed6484\" data-element_type=\"container\" data-e-type=\"container\" data-settings=\"{&quot;animation&quot;:&quot;fadeIn&quot;}\">\n\t\t\t\t\t<div class=\"e-con-inner\">\n\t\t\t\t<div class=\"elementor-element elementor-element-6662222 elementor-position-top elementor-widget elementor-widget-image-box\" data-id=\"6662222\" data-element_type=\"widget\" data-e-type=\"widget\" data-widget_type=\"image-box.default\">\n\t\t\t\t<div class=\"elementor-widget-container\">\n\t\t\t\t\t<div class=\"elementor-image-box-wrapper\"><figure class=\"elementor-image-box-img\"><img decoding=\"async\" width=\"463\" height=\"208\" src=\"https:\/\/pruebas.munielmonte.cl\/wp-content\/uploads\/2025\/09\/Taller-participativo-Adultos-Mayores.jpg\" class=\"attachment-full size-full wp-image-2768\" alt=\"banner taller participativo\" srcset=\"https:\/\/pruebas.munielmonte.cl\/wp-content\/uploads\/2025\/09\/Taller-participativo-Adultos-Mayores.jpg 463w, https:\/\/pruebas.munielmonte.cl\/wp-content\/uploads\/2025\/09\/Taller-participativo-Adultos-Mayores-300x135.jpg 300w\" sizes=\"(max-width: 463px) 100vw, 463px\" \/><\/figure><div class=\"elementor-image-box-content\"><h3 class=\"elementor-image-box-title\">Taller participativo Adultos Mayores<\/h3><p class=\"elementor-image-box-description\">Fecha: 14-01-2020 <br>\n\nEste taller, realizado en el Liceo Luis Humberto Acosta, cont\u00f3 con una gran participaci\u00f3n de los vecinos, y durante su realizaci\u00f3n se identificaron importantes puntos que afectan la calidad de vida de los vecinos de una forma u otra, haciendo notar las complicaciones para la toma de horas en el servicio de salud y el alto precio de los pasajes hacia Santiago, pero destacando la naturaleza mayoritariamente tranquila de la comuna, el apoyo de la Municipalidad a los adultos mayores y la promoci\u00f3n de productores locales gracias a ferias y fiestas montinas.\n<\/p><\/div><\/div>\t\t\t\t<\/div>\n\t\t\t\t<\/div>\n\t\t\t\t\t<\/div>\n\t\t\t\t<\/div>\n\t\t<div class=\"elementor-element elementor-element-8540f4b animated-slow e-flex e-con-boxed wpr-particle-no wpr-jarallax-no wpr-parallax-no wpr-sticky-section-no wpr-column-slider-no wpr-equal-height-no elementor-invisible e-con e-parent\" data-id=\"8540f4b\" data-element_type=\"container\" data-e-type=\"container\" data-settings=\"{&quot;animation&quot;:&quot;fadeIn&quot;}\">\n\t\t\t\t\t<div class=\"e-con-inner\">\n\t\t\t\t<div class=\"elementor-element elementor-element-0324020 elementor-position-top elementor-widget elementor-widget-image-box\" data-id=\"0324020\" data-element_type=\"widget\" data-e-type=\"widget\" data-widget_type=\"image-box.default\">\n\t\t\t\t<div class=\"elementor-widget-container\">\n\t\t\t\t\t<div class=\"elementor-image-box-wrapper\"><figure class=\"elementor-image-box-img\"><img decoding=\"async\" width=\"463\" height=\"240\" src=\"https:\/\/pruebas.munielmonte.cl\/wp-content\/uploads\/2025\/09\/PLADECO-6.jpg\" class=\"attachment-full size-full wp-image-2772\" alt=\"banner Taller participativo sobre Movilidad Reducida y Necesidades Especiales\" srcset=\"https:\/\/pruebas.munielmonte.cl\/wp-content\/uploads\/2025\/09\/PLADECO-6.jpg 463w, https:\/\/pruebas.munielmonte.cl\/wp-content\/uploads\/2025\/09\/PLADECO-6-300x156.jpg 300w\" sizes=\"(max-width: 463px) 100vw, 463px\" \/><\/figure><div class=\"elementor-image-box-content\"><h3 class=\"elementor-image-box-title\">Taller participativo sobre Movilidad Reducida y Necesidades Especiales<\/h3><p class=\"elementor-image-box-description\">Fecha: 14-01-2020\n<br>\nRealizado en el Liceo Luis Humberto Acosta, durante la conversaci\u00f3n, se hicieron notar aspectos positivos de la comuna como su identidad rural y de familiaridad tanto con vecinos como con autoridades locales, en un entorno de comunidades tranquilas y sencillas. No obstante, se hicieron presentes importantes necesidades como el abastecimiento de medicamentos en los servicios de salud locales, o la falta de adaptaci\u00f3n de infraestructura y servicios para personas con movilidad reducida. Un aspecto tambi\u00e9n importante, extra\u00eddo de la idea de imagen a futuro que los vecinos visualizan en El Monte, es la existencia de un colegio de calidad, donde los alumnos puedan conseguir grados t\u00e9cnicos-profesionales.<\/p><\/div><\/div>\t\t\t\t<\/div>\n\t\t\t\t<\/div>\n\t\t\t\t\t<\/div>\n\t\t\t\t<\/div>\n\t\t<div class=\"elementor-element elementor-element-0ebd2d6 e-grid animated-slow e-con-boxed wpr-particle-no wpr-jarallax-no wpr-parallax-no wpr-sticky-section-no wpr-column-slider-no wpr-equal-height-no elementor-invisible e-con e-parent\" data-id=\"0ebd2d6\" data-element_type=\"container\" data-e-type=\"container\" data-settings=\"{&quot;animation&quot;:&quot;fadeIn&quot;}\">\n\t\t\t\t\t<div class=\"e-con-inner\">\n\t\t\t\t<div class=\"elementor-element elementor-element-faf5cce elementor-widget elementor-widget-image\" data-id=\"faf5cce\" data-element_type=\"widget\" data-e-type=\"widget\" data-widget_type=\"image.default\">\n\t\t\t\t<div class=\"elementor-widget-container\">\n\t\t\t\t\t\t\t\t\t\t\t\t\t\t\t\t<a href=\"https:\/\/pruebas.munielmonte.cl\/wp-content\/uploads\/2025\/09\/PLADECO-6.jpg\" data-elementor-open-lightbox=\"yes\" data-elementor-lightbox-title=\"PLADECO-6\" data-e-action-hash=\"#elementor-action%3Aaction%3Dlightbox%26settings%3DeyJpZCI6Mjc3MiwidXJsIjoiaHR0cHM6XC9cL3BydWViYXMubXVuaWVsbW9udGUuY2xcL3dwLWNvbnRlbnRcL3VwbG9hZHNcLzIwMjVcLzA5XC9QTEFERUNPLTYuanBnIn0%3D\">\n\t\t\t\t\t\t\t<img loading=\"lazy\" decoding=\"async\" width=\"463\" height=\"240\" src=\"https:\/\/pruebas.munielmonte.cl\/wp-content\/uploads\/2025\/09\/PLADECO-6.jpg\" class=\"attachment-large size-large wp-image-2772\" alt=\"banner Taller participativo sobre Movilidad Reducida y Necesidades Especiales\" srcset=\"https:\/\/pruebas.munielmonte.cl\/wp-content\/uploads\/2025\/09\/PLADECO-6.jpg 463w, https:\/\/pruebas.munielmonte.cl\/wp-content\/uploads\/2025\/09\/PLADECO-6-300x156.jpg 300w\" sizes=\"(max-width: 463px) 100vw, 463px\" \/>\t\t\t\t\t\t\t\t<\/a>\n\t\t\t\t\t\t\t\t\t\t\t\t\t\t\t<\/div>\n\t\t\t\t<\/div>\n\t\t\t\t<div class=\"elementor-element elementor-element-fe042c6 elementor-widget elementor-widget-image\" data-id=\"fe042c6\" data-element_type=\"widget\" data-e-type=\"widget\" data-widget_type=\"image.default\">\n\t\t\t\t<div class=\"elementor-widget-container\">\n\t\t\t\t\t\t\t\t\t\t\t\t\t\t\t<img loading=\"lazy\" decoding=\"async\" width=\"463\" height=\"208\" src=\"https:\/\/pruebas.munielmonte.cl\/wp-content\/uploads\/2025\/09\/Taller-participativo-Adultos-Mayores.jpg\" class=\"attachment-large size-large wp-image-2768\" alt=\"banner taller participativo\" srcset=\"https:\/\/pruebas.munielmonte.cl\/wp-content\/uploads\/2025\/09\/Taller-participativo-Adultos-Mayores.jpg 463w, https:\/\/pruebas.munielmonte.cl\/wp-content\/uploads\/2025\/09\/Taller-participativo-Adultos-Mayores-300x135.jpg 300w\" sizes=\"(max-width: 463px) 100vw, 463px\" \/>\t\t\t\t\t\t\t\t\t\t\t\t\t\t\t<\/div>\n\t\t\t\t<\/div>\n\t\t\t\t<div class=\"elementor-element elementor-element-8726efc elementor-widget elementor-widget-image\" data-id=\"8726efc\" data-element_type=\"widget\" data-e-type=\"widget\" data-widget_type=\"image.default\">\n\t\t\t\t<div class=\"elementor-widget-container\">\n\t\t\t\t\t\t\t\t\t\t\t\t\t\t\t<img loading=\"lazy\" decoding=\"async\" width=\"463\" height=\"212\" src=\"https:\/\/pruebas.munielmonte.cl\/wp-content\/uploads\/2025\/09\/PLADECO-1.jpg\" class=\"attachment-large size-large wp-image-2763\" alt=\"\" srcset=\"https:\/\/pruebas.munielmonte.cl\/wp-content\/uploads\/2025\/09\/PLADECO-1.jpg 463w, https:\/\/pruebas.munielmonte.cl\/wp-content\/uploads\/2025\/09\/PLADECO-1-300x137.jpg 300w\" sizes=\"(max-width: 463px) 100vw, 463px\" \/>\t\t\t\t\t\t\t\t\t\t\t\t\t\t\t<\/div>\n\t\t\t\t<\/div>\n\t\t\t\t<div class=\"elementor-element elementor-element-e888ef7 elementor-widget elementor-widget-image\" data-id=\"e888ef7\" data-element_type=\"widget\" data-e-type=\"widget\" data-widget_type=\"image.default\">\n\t\t\t\t<div class=\"elementor-widget-container\">\n\t\t\t\t\t\t\t\t\t\t\t\t\t\t\t<img loading=\"lazy\" decoding=\"async\" width=\"463\" height=\"292\" src=\"https:\/\/pruebas.munielmonte.cl\/wp-content\/uploads\/2025\/09\/PLADECO-2.jpg\" class=\"attachment-large size-large wp-image-2760\" alt=\"\" srcset=\"https:\/\/pruebas.munielmonte.cl\/wp-content\/uploads\/2025\/09\/PLADECO-2.jpg 463w, https:\/\/pruebas.munielmonte.cl\/wp-content\/uploads\/2025\/09\/PLADECO-2-300x189.jpg 300w\" sizes=\"(max-width: 463px) 100vw, 463px\" \/>\t\t\t\t\t\t\t\t\t\t\t\t\t\t\t<\/div>\n\t\t\t\t<\/div>\n\t\t\t\t<div class=\"elementor-element elementor-element-e75d493 elementor-widget elementor-widget-image\" data-id=\"e75d493\" data-element_type=\"widget\" data-e-type=\"widget\" data-widget_type=\"image.default\">\n\t\t\t\t<div class=\"elementor-widget-container\">\n\t\t\t\t\t\t\t\t\t\t\t\t\t\t\t<img loading=\"lazy\" decoding=\"async\" width=\"463\" height=\"226\" src=\"https:\/\/pruebas.munielmonte.cl\/wp-content\/uploads\/2025\/09\/PLADECO-3.jpg\" class=\"attachment-large size-large wp-image-2777\" alt=\"pladeco galeria\" srcset=\"https:\/\/pruebas.munielmonte.cl\/wp-content\/uploads\/2025\/09\/PLADECO-3.jpg 463w, https:\/\/pruebas.munielmonte.cl\/wp-content\/uploads\/2025\/09\/PLADECO-3-300x146.jpg 300w\" sizes=\"(max-width: 463px) 100vw, 463px\" \/>\t\t\t\t\t\t\t\t\t\t\t\t\t\t\t<\/div>\n\t\t\t\t<\/div>\n\t\t\t\t<div class=\"elementor-element elementor-element-3ab27a6 elementor-widget elementor-widget-image\" data-id=\"3ab27a6\" data-element_type=\"widget\" data-e-type=\"widget\" data-widget_type=\"image.default\">\n\t\t\t\t<div class=\"elementor-widget-container\">\n\t\t\t\t\t\t\t\t\t\t\t\t\t\t\t<img loading=\"lazy\" decoding=\"async\" width=\"463\" height=\"204\" src=\"https:\/\/pruebas.munielmonte.cl\/wp-content\/uploads\/2025\/09\/PLADECO-4.jpg\" class=\"attachment-full size-full wp-image-2778\" alt=\"\" srcset=\"https:\/\/pruebas.munielmonte.cl\/wp-content\/uploads\/2025\/09\/PLADECO-4.jpg 463w, https:\/\/pruebas.munielmonte.cl\/wp-content\/uploads\/2025\/09\/PLADECO-4-300x132.jpg 300w\" sizes=\"(max-width: 463px) 100vw, 463px\" \/>\t\t\t\t\t\t\t\t\t\t\t\t\t\t\t<\/div>\n\t\t\t\t<\/div>\n\t\t\t\t\t<\/div>\n\t\t\t\t<\/div>\n\t\t\t\t<\/div>\n\t\t","protected":false},"excerpt":{"rendered":"<p>PLADECO \u00bfQue es el PLADECO? El Plan de Desarrollo Comunal (PLADECO), es un ejercicio de planificaci\u00f3n donde participan, en conjunto, autoridades y la ciudadan\u00eda, proponiendo ideas para el desarrollo de la comuna en el periodo a\u00f1os entre el 2019 &#8211; 2025. \u00a0El PLADECO\u00a0consta de tres etapas: Diagn\u00f3stico; Definici\u00f3n de Estrategias y Cartera de Programas, Proyectos y Acciones.\u00a0Las \u00e1reas consideradas en la planificaci\u00f3n corresponden a: Desarrollo Econ\u00f3mico; Desarrollo Territorial; Medio Ambiente; Desarrollo Social; Salud; Educaci\u00f3n y Gesti\u00f3n Municipal.\u00a0El proceso de elaboraci\u00f3n del PLADECO, adquiere sentido si se genera una amplia reflexi\u00f3n en torno a la comuna, sus barrios y sus habitantes, logrando la participaci\u00f3n comprometida de la comunidad. Para ello, nos reuniremos en talleres y conversatorios para opinar abiertamente respecto al desarrollo y aportar nuevas ideas para un crecimiento sustentable de la comuna.\u00a0Te invitamos a participar, porque el\u00a0PLADECO LO CONSTRUIMOS TODOS, TODAS Y ENTRE TODOS LO HACEMOS\u201d\u00a0Porque su participaci\u00f3n es muy importante, si tiene alguna duda o u sugerencia se puede contactar con: Mariano Inostroza Navarro al tel\u00e9fono:\u00a02256097 \u00a0\u00a0\u00a0\u00a0 Taller participativo sector Chi\u00f1ihue y El Paico Fecha: 14-01-2020 En este taller, realizado en el Liceo Javiera Carrera se trataron diversos temas centrados a las virtudes y necesidades del sector. Entre los aspectos positivos presentados se destacan la tranquilidad, el acceso al agua en la mayor\u00eda de los sectores rurales, y la permanencia de actividades tradicionales. Por otra parte, las necesidades detectadas incluyen la falta de actividades recreativas y culturales, dificultades para la atenci\u00f3n m\u00e9dica de los vecinos y temas de seguridad domiciliaria. Finalmente, la visi\u00f3n a largo plazo de los vecinos para el sector es que exista una mejor educaci\u00f3n y servicios de salud as\u00ed como posibilidades de movilizaci\u00f3n y transporte. Taller participativo Adultos Mayores Fecha: 14-01-2020 Este taller, realizado en el Liceo Luis Humberto Acosta, cont\u00f3 con una gran participaci\u00f3n de los vecinos, y durante su realizaci\u00f3n se identificaron importantes puntos que afectan la calidad de vida de los vecinos de una forma u otra, haciendo notar las complicaciones para la toma de horas en el servicio de salud y el alto precio de los pasajes hacia Santiago, pero destacando la naturaleza mayoritariamente tranquila de la comuna, el apoyo de la Municipalidad a los adultos mayores y la promoci\u00f3n de productores locales gracias a ferias y fiestas montinas. Taller participativo sobre Movilidad Reducida y Necesidades Especiales Fecha: 14-01-2020 Realizado en el Liceo Luis Humberto Acosta, durante la conversaci\u00f3n, se hicieron notar aspectos positivos de la comuna como su identidad rural y de familiaridad tanto con vecinos como con autoridades locales, en un entorno de comunidades tranquilas y sencillas. No obstante, se hicieron presentes importantes necesidades como el abastecimiento de medicamentos en los servicios de salud locales, o la falta de adaptaci\u00f3n de infraestructura y servicios para personas con movilidad reducida. Un aspecto tambi\u00e9n importante, extra\u00eddo de la idea de imagen a futuro que los vecinos visualizan en El Monte, es la existencia de un colegio de calidad, donde los alumnos puedan conseguir grados t\u00e9cnicos-profesionales.<\/p>\n","protected":false},"author":5,"featured_media":0,"parent":0,"menu_order":0,"comment_status":"closed","ping_status":"closed","template":"elementor_canvas","meta":{"footnotes":""},"class_list":["post-2507","page","type-page","status-publish","hentry"],"_links":{"self":[{"href":"https:\/\/pruebas.munielmonte.cl\/index.php?rest_route=\/wp\/v2\/pages\/2507","targetHints":{"allow":["GET"]}}],"collection":[{"href":"https:\/\/pruebas.munielmonte.cl\/index.php?rest_route=\/wp\/v2\/pages"}],"about":[{"href":"https:\/\/pruebas.munielmonte.cl\/index.php?rest_route=\/wp\/v2\/types\/page"}],"author":[{"embeddable":true,"href":"https:\/\/pruebas.munielmonte.cl\/index.php?rest_route=\/wp\/v2\/users\/5"}],"replies":[{"embeddable":true,"href":"https:\/\/pruebas.munielmonte.cl\/index.php?rest_route=%2Fwp%2Fv2%2Fcomments&post=2507"}],"version-history":[{"count":27,"href":"https:\/\/pruebas.munielmonte.cl\/index.php?rest_route=\/wp\/v2\/pages\/2507\/revisions"}],"predecessor-version":[{"id":5150,"href":"https:\/\/pruebas.munielmonte.cl\/index.php?rest_route=\/wp\/v2\/pages\/2507\/revisions\/5150"}],"wp:attachment":[{"href":"https:\/\/pruebas.munielmonte.cl\/index.php?rest_route=%2Fwp%2Fv2%2Fmedia&parent=2507"}],"curies":[{"name":"wp","href":"https:\/\/api.w.org\/{rel}","templated":true}]}}